er when r is divided by 87?
78
Let t = -71 - -67. Calculate the remainder when (-4 - -3)*(-1 - t)*-103 is divided by 52.
49
Let z(d) = -d**2 - 11*d + 9. Let s be 144/4 - 2 - -3. Let u = -48 + s. Calculate the remainder when z(u) is divided by 6.
3
Suppose -14*z + 9*z = -5*k + 14965, 4*z = -20. What is the remainder when k is divided by 46?
44
Suppose 14*t + 10*t + 4018 = 4162. Calculate the remainder when 60 is divided by t.
0
Let s(v) = -2*v**2 + 33*v + 18. Let i be s(17). Let d(l) = 227*l**2 - l + 1. Let o be d(i). Let a = 393 - o. What is the remainder when a is divided by 42?
40
Let p(w) = w**2 - 18*w - 159. Calculate the remainder when 2258 is divided by p(27).
74
Let m(p) = 23*p**3 - 19*p**2 - 7*p + 17*p**3 - 41*p**3 - 16. Let k be m(-19). Let s = k - 80. Calculate the remainder when s is divided by 10.
7
Let j = -46 + 92. Suppose -765*b - 4160 = -778*b. What is the remainder when b is divided by j?
44
Let t(q) = -q**3 - 12*q**2 + 23*q + 236. Calculate the remainder when 652 is divided by t(-13).
16
Suppose 5*k = p + 22 + 104, 12 = -2*p. Let c(t) = 1 + 11*t + 1 + 1. Calculate the remainder when c(6) is divided by k.
21
Suppose 24 = 2*m, 18*a - 2*m + 188 = 22*a - 0*m. What is the remainder when a is divided by 12/(-5)*20/(-6)?
1
Let s(q) = q**2 - 30*q + 246. Let x = 18 - 11. Let a(y) = 5*y - 9. What is the remainder when s(24) is divided by a(x)?
24
Suppose -2*r + 2*s - 6 = 3*r, 2*s = -4. Calculate the remainder when ((-4)/6)/(r/198) is divided by 7/(-14) + (-94)/(-4).
20
Suppose -6*r + 138 = -414. Let h = -80 + r. Calculate the remainder when 50 is divided by h.
2
Let u = -88 + 77. Let p = u + 14. Calculate the remainder when 59 is divided by (p/9 - 0)*30.
9
Suppose 5*x - 14 = x - k, 3*x = -3*k + 15. Suppose 4*n = g + g + 18, g = -x*n + 16. What is the remainder when n is divided by 5?
0
Let f(x) = 2*x**3 - 3*x**2 + 5*x - 2. Let b = 756 - 436. Suppose 324*m - b*m = 80. Calculate the remainder when f(4) is divided by m.
18
Let u(j) = j**3 - 8*j**2 + 43*j - 115. Let i = 2 + 10. What is the remainder when u(6) is divided by i?
11
Let k be (4/22 - 12/66)*1. Let u(n) = -n**3 - 3*n + 46. Calculate the remainder when 137 is divided by u(k).
45
Let d(g) = g**2 + 5*g + 12. Suppose j + 2*j = -6. Let f be (175/50)/(j/4). Calculate the remainder when d(f) is divided by 15.
11
Suppose 22 = -7*z + 330. Suppose -n + z = r, -46*r = -42*r + 2*n - 174. Calculate the remainder when 104 is divided by r.
18
Let i = 6729 - 6717. Calculate the remainder when 1547 is divided by i.
11
Suppose 0 = -7*v - 257 + 383. What is the remainder when v is divided by 11 - (-1 - 1 - -6)?
4
Let i(q) = -q**2 - 13*q + 15. Suppose -44 = 3*v - 4*h, 2*v - 5*h + 28 = -h. Let t be i(v). Let n = t - -44. Calculate the remainder when 65 is divided by n.
10
Let m = -6467 + 7061. Calculate the remainder when m is divided by 40.
34
Let z = 238 + -350. Let k = z + 113. Suppose -u + 129 = 5*g, g - 5*u = -k + 6. Calculate the remainder when g is divided by 7.
4
Let h = 7978 - 7899. What is the remainder when 3554 is divided by h?
78
Let j(b) = -2*b + 9. Let o be j(2). Suppose 2*y = -3*y + n + 37, -o*y - 5*n = -55. Let c(f) = -2*f + 39. Calculate the remainder when 91 is divided by c(y).
22
Suppose 0 = 868*k - 881*k + 1040. Calculate the remainder when 360 is divided by k.
40
Suppose 4*c + 3*o - 54 = 97, -5*c - o = -175. What is the remainder when 377 is divided by c?
3
Suppose 21 = -1931*g + 1934*g. What is the remainder when 1308 is divided by g?
6
Let r(z) = z**3 - 14*z**2 - 66*z + 1089. Calculate the remainder when 336 is divided by r(14).
6
Let l(p) = 24. Let b(u) = -u - 49. Let r(k) = 2*b(k) + 5*l(k). Suppose -3*f + 0*w - 16 = -4*w, -w = 5. What is the remainder when r(f) is divided by 16?
14
Calculate the remainder when 70 is divided by (-6)/10 - ((-5199)/90 + 30/(-36)).
12
Suppose 15*m - 117 - 3771 = -12*m. What is the remainder when 2299 is divided by m?
139
Let x(k) = 7*k**2 - 2. Let d(o) = 4*o**3 + 40*o**2 + 7*o + 121. Calculate the remainder when x(4) is divided by d(-10).
8
Suppose 15*w + 64 = 19*w. Suppose -3*t - x + 88 = 0, -t = -6*t - 2*x + 145. Calculate the remainder when -3 + t/11 - 508/(-11) is divided by w.
14
Suppose -23*h + 3162 = 11*h. Suppose -5*f + 413 = -r - r, -3*r = -f + h. Calculate the remainder when f is divided by 17.
13
Let a(n) = -2*n + 4. Let l be 8/(4/(-8)*2). Suppose 2*x - 10 = 0, 5*z - 30*x = -33*x + 75. What is the remainder when a(l) is divided by z?
8
Let h(g) = 15*g**2 - 2*g. Let w(a) = 29*a**2 - 4*a + 1. Let o(d) = 7*h(d) - 3*w(d). Suppose 2*k - 135 = -k. What is the remainder when k is divided by o(-1)?
11
Suppose 59*k - 300 = 53*k. Let m(q) = q**2 + 3*q + 2. Let n be m(-3). Suppose n*p - p - 13 = 0. Calculate the remainder when k is divided by p.
11
Let h(m) = -32*m + 216. Calculate the remainder when h(-5) is divided by (-52)/8*(-3 - -1).
12
Let z(g) = 89*g + 6626. Calculate the remainder when z(-73) is divided by 29.
13
Suppose 2716 = -1317*b + 1331*b. Calculate the remainder when 232 is divided by b.
38
Let o be 8/((-18)/22 - 10/55). Let k(a) = a**3 + 8*a**2 - a. What is the remainder when k(o) is divided by 15/12*(3 + 1)?
3
Let w = 188 + -108. Suppose -37 = -6*z - 13. Suppose -z*g = -w - 116. Calculate the remainder when g is divided by 26.
23
Calculate the remainder when 3 + 13 + -4 - -3626 is divided by 32.
22
Let o(k) = k**2 + 3*k - 17. Suppose -19*n = -580 - 541. Calculate the remainder when o(10) is divided by n.
54
Suppose 0 = 5*s + 3*w - 1992, -3*s - 3*w + 229 = -971. Suppose 17*o - 50*o = -s. Suppose 4*y + 4 = 240. Calculate the remainder when y is divided by o.
11
Suppose a = 2*a - 2. Let l be (5*1/(-2))/((-1)/a). Suppose l*z - 120 - 215 = 0. Calculate the remainder when z is divided by 18.
13
Suppose 29*c - 31*c - 640 = -3*f, 5*c = 2*f - 456. Calculate the remainder when 19551 is divided by f.
207
Suppose 5*r = -2*v + 19 - 21, 22 = 5*v - r. Suppose -v*n + 247 - 3 = 0. Let k(y) = y**3 - 7*y**2 - 7*y + 5. What is the remainder when n is divided by k(8)?
9
Suppose -10*n - 16 = -5*p - 7*n, 16 = 4*p - 4*n. What is the remainder when 44 is divided by p + 3*(92/6 + -5)?
11
Let i(b) = -b**2 + 34*b + 66. Let f be i(-2). Calculate the remainder when ((-80)/f)/(-2)*228/(-38) is divided by 23.
17
Let m = 122 - 120. Suppose -2*d + 608 = m*d. Let n = -70 + 101. What is the remainder when d is divided by n?
28
Let x(k) = 323*k**2 - 30*k + 65. What is the remainder when x(2) is divided by 42?
37
Let q = -155 - -130. Calculate the remainder when 98 is divided by q/(2/((-8)/2)).
48
Let i = -2910 - -3042. Calculate the remainder when 788 is divided by i.
128
Let g = -12697 - -12785. What is the remainder when 414 is divided by g?
62
What is the remainder when 577 is divided by (8 - -68) + 12 - (12 - -1)?
52
Suppose -485*v - 5*z + 440 = -481*v, 3*v - z = 311. What is the remainder when 1886 is divided by v?
101
Let v(o) = o + 22. Let a be v(-18). Let s be (a/5)/(0 - 6/(-15)). Suppose 2*w = -3*b + 26, b = w - s*b - 22. What is the remainder when 30 is divided by w?
14
Let l = -3762 + 3882. What is the remainder when l is divided by 116?
4
Let z = -797 - -812. Let g = -4 + 4. What is the remainder when 37*(2 + g/2) is divided by z?
14
Let q(d) = -d**3 + 7*d**2 + 470*d - 1877. Suppose -3*j + 5 = -73. Calculate the remainder when q(4) is divided by j.
25
What is the remainder when (-476)/(-5474) - (-19433)/23 is divided by 276?
17
Suppose 4*b + 754 = 3*o, 2*o - 542 + 44 = 5*b. What is the remainder when o is divided by 17?
16
Suppose 67 = -2*q + 55. Let a be (-2)/4 - (-4 - 3/q). Suppose -a*n = 3*j - 315, 0*n - 561 = -5*n + 4*j. Calculate the remainder when n is divided by 37.
35
Let p(f) = -4*f**2 + 81*f - 7. Let a be p(18). Let o = a - 141. Let l = -7 - -11. Calculate the remainder when o is divided by l.
2
Suppose -432*b + 406*b + 494 = 0. Calculate the remainder when 36 is divided by b.
17
Let m = -21476 - -21503. What is the remainder when 49 is divided by m?
22
What is the remainder when (-12 - 1808 - 6)/(-2) is divided by 51?
46
Suppose -5*o + 588 = -1122. Let s = -77318 - -77361. Calculate the remainder when o is divided by s.
41
Let t = 268 + -268. Suppose -1367*b + 1371*b - 292 = t. What is the remainder when 83 is divided by b?
10
Suppose 3